+ 2553. What is the tens digit of w?
0
Let n be (6/4)/((-24)/(-16)). Suppose 3*l + 5*x = -22, 0 = 2*l - 3*l - 2*x - 9. What is the tens digit of 45 + (2 - n) + l?
4
Let s be (-466)/6 - (12/9 + -1). Let a = 208 + s. What is the hundreds digit of a?
1
Let g(i) = -69*i + 6. Let s be g(1). Let r = s + 65. What is the units digit of r?
2
Let z be 8/(-2*3/(-12)). Suppose z*f = 11*f + 15. Suppose 2*u + 3*y + 0*y + 2 = 0, 0 = f*u - 3*y - 12. What is the units digit of u?
2
Let l = 57 + -68. Let t(o) = o**3 - 5*o**2 + 3*o + 5. Let i be t(5). Let q = l + i. What is the units digit of q?
9
Let o = 14 + -29. Let s(g) = -3*g + 35. What is the tens digit of s(o)?
8
Let h(y) = 2*y - 12. Let g be h(-6). Let n be ((-12)/g)/((-1)/(-86)). Let s = n + -17. What is the tens digit of s?
2
Let q(u) = 26*u - 2. Let v be q(7). Suppose -2*w + 7*w = v. Suppose i - 46 = -3*r + 5*i, -4*r + w = i. What is the units digit of r?
0
Let b(f) be the first derivative of -f**4/4 - 4*f**3/3 + 5*f**2/2 + 16*f + 4. What is the units digit of b(-5)?
6
Let o(q) = -2*q**2 - 2*q + 3. Let x be o(2). Let a = x - -10. Let r(z) = 24*z - 2. What is the units digit of r(a)?
2
Let z be 10/2 - (4 - 2). Suppose -z*t - 3 + 12 = 0. Suppose -t*r = -13 - 5. What is the units digit of r?
6
Suppose -31 = -b + 2*b + t, -b + 4*t = 11. Let a = b - -33. Suppose -8 = -4*n, 4*n + a = 3*y - 28. What is the tens digit of y?
1
Let w = 118 - 167. Let u = w + 105. What is the units digit of u?
6
Suppose 9*q = 7*q + 8. Suppose 0 = 2*f - 156 - q. What is the units digit of f?
0
Suppose -4*l + 12844 = 88*f - 86*f, -5*l + 16025 = -5*f. What is the units digit of l?
9
Let f(m) = m**3 + 15*m**2 - 24*m + 6. What is the hundreds digit of f(-12)?
7
Let m(q) = q**3 + 38*q**2 + 40*q - 18. What is the tens digit of m(-36)?
3
Suppose -1427 = 6*x - 479. Let a = x + 377. What is the tens digit of a?
1
Suppose 3*t + 6 = -3*w, 0*w - 3*t - 7 = 2*w. Let y(s) = 31*s - 1. Let a be y(w). Suppose 2*v = -0*v + a. What is the tens digit of v?
1
Suppose -4*n + 5*g = -286, -2*n = 4*g - 188 + 58. Let v = n - -19. What is the units digit of v?
8
What is the thousands digit of ((-3080672)/88)/(-14) + (-12)/22?
2
Suppose 2968 - 1110 = 2*n. What is the tens digit of n?
2
Let t(d) = d**2 - 6*d - 1. Let x be t(5). Let j(i) = -i + 1. Let v(r) = -7*r + 2. Let k(f) = -4*j(f) + v(f). What is the units digit of k(x)?
6
Let a be (1 - 5) + -2 + -60. Let f = 104 + a. Suppose 2*o = -5*m + 4*m + 28, 4*o - f = -m. What is the units digit of m?
8
Suppose -4*m = 0, 0 = c + c - 4*m - 26. Let p = c - 7. Suppose -g - 165 = -p*g. What is the tens digit of g?
3
Suppose -3*p + 5 = k + p, 4*k = p - 14. Let z(v) = 5*v**2 + 7*v + 4. Let w(m) = 4*m**2 + 6*m + 4. Let n(h) = k*z(h) + 4*w(h). What is the units digit of n(-3)?
4
Suppose 4*k - 2*c - 16 = 0, -4*c + 7 = -1. Suppose 0 = -k*w - 3*w + 608. What is the units digit of w?
6
Suppose l - 4*o - 426 = 0, -2*o = -5*l + 350 + 1762. What is the units digit of l?
2
Suppose 5*q = k - 1715, 2*k = k - 2*q + 1715. What is the thousands digit of k?
1
Suppose -z = -3*l - l + 617, 3*z + 627 = 4*l. Suppose -4*b - l = -7*b. What is the tens digit of b?
5
Let h(b) = 733*b**2 + b. What is the hundreds digit of h(1)?
7
Let i(x) = -1569*x**3 + 3*x**2 + 7*x + 4. What is the thousands digit of i(-1)?
1
Let w be (6/(-12))/(2/(-220)). Suppose 3*b = -7 + w. What is the units digit of b?
6
Let d = 62 - -555. What is the tens digit of d?
1
Let t(g) be the first derivative of 8*g**2 - 8*g + 2. What is the tens digit of t(3)?
4
Suppose 3*b + 1553 = 4*b. What is the thousands digit of b?
1
Suppose -4*d + 4*l - 88 = 0, -4*d = -2*d + 2*l + 48. Suppose 7*n + 91 = -56. Let g = n - d. What is the units digit of g?
2
Let l(r) = -r**3 - 14*r**2 - 3*r - 13. Let u be 6/18 + 70/6. Suppose 3*s - u = 0, -4*z - 48 = -2*z - 5*s. What is the units digit of l(z)?
9
Let s(a) = a**3 - 13*a**2 + 22*a - 74. What is the hundreds digit of s(14)?
4
Let n(i) = 9*i**3 - 3*i**2 + 12*i + 1. What is the hundreds digit of n(7)?
0
What is the hundreds digit of (-6)/3 + 14952/4 + 2?
7
Let x(j) = -2*j**3 + 4*j**2 + 5*j - 3. What is the units digit of x(-9)?
4
Let x(q) = q**3 - 6*q**2 - 6*q + 1. Let m be x(7). Let r be 6/(-24) - (-2)/m. Let s = 9 + r. What is the units digit of s?
9
What is the hundreds digit of ((-474)/(-5) + 0)/((-10)/(-125))?
1
Let x be (27/18)/(-4 + (-2527)/(-630)). Let k be -1 + 5 + 1/1. Suppose -8*v = -k*v - x. What is the tens digit of v?
4
Let o = 51 - 47. Suppose o*n = 0, -2*w + w + 21 = 4*n. What is the units digit of w?
1
Suppose 1149 = 31*w - 2385. What is the units digit of w?
4
What is the hundreds digit of 0 + (-1385)/(-5) + -1?
2
What is the units digit of (1567 + 4)*1 - (3 - 4)?
2
Let p = 2339 - 1297. What is the thousands digit of p?
1
Let v be (8/(-3))/(15/(-9) + 1). Suppose -546 = -4*a + b, -424 = -4*a + v*b + 128. What is the units digit of a?
6
Let s(y) = y + 8*y - 7*y. Let c be s(-1). What is the units digit of -18*(7/(-2) - c)?
7
Suppose -l = m + 4*l - 65, 3*m = -2*l + 260. What is the tens digit of m?
9
Suppose -1 = -2*x - 7, 2*b = 2*x + 12. Let r be (b*1)/(54/666). Let t = r + -30. What is the units digit of t?
7
Suppose -4*t = -3*t - 4*u - 1, -3*t - 5*u = -88. What is the units digit of t?
1
Suppose -4*b = -2026 - 446. What is the tens digit of b?
1
Let o = 4298 - 2636. What is the hundreds digit of o?
6
Let q = -4255 + 8316. What is the hundreds digit of q?
0
Let i(x) = -32*x - 11 + 0 + 0. What is the units digit of i(-4)?
7
Let g(l) be the first derivative of 5*l**3/3 + 7*l**2/2 - 3*l + 28. What is the units digit of g(4)?
5
Suppose -6381 = -4*o + 1743. What is the tens digit of o?
3
Let n(t) be the second derivative of 0 - 3*t - 5*t**2 - 4/3*t**3. What is the tens digit of n(-10)?
7
Suppose 3*k = d + 1623, k - 4*k = -4*d - 1632. What is the tens digit of k?
4
What is the units digit of 1 + -1 + 6 + (-14 - -15)?
7
Let o = 1004 + -536. Suppose -32*l = -28*l - o. What is the hundreds digit of l?
1
Let g be 3/24*4*2. Let c = 23 - g. What is the tens digit of c/(-8)*(-8)/2?
1
Suppose -6*h - 215 = -1175. What is the tens digit of h?
6
What is the units digit of (-2621)/3*(3 + -30)/9?
1
Let j be ((-8)/3)/(((-15)/(-252))/(-5)). Suppose j = 3*r - 82. What is the hundreds digit of r?
1
Let z(t) = 5*t**2 - 10*t + 1. Let a(l) = -6*l**2 + 11*l - 1. Let x(q) = 3*a(q) + 4*z(q). What is the units digit of x(-6)?
5
Let y = 7 - -65. Suppose -2*u - 3*b = 66, 74 = -3*u - 5*b - 27. Let i = u + y. What is the units digit of i?
5
Let o = -394 - -1045. What is the units digit of o?
1
Let j(v) = -16*v - 3. Let i be j(-8). Suppose 5*p - 2*n - i = 0, -4*p = -5*n - 4 - 79. What is the tens digit of p?
2
Let s be 6/(-18) + (-10)/(-3). What is the units digit of (12/10)/(s/130)?
2
Let j = 56 + -54. Suppose -150 = -3*z + j*x - 5*x, -4 = -4*x. What is the tens digit of z?
4
Let o = 10 - 6. Suppose -o*z - 6 = -22. Suppose -a + 28 = -3*q, z*a + 0*a - 112 = -3*q. What is the units digit of a?
8
Let c be (-18)/(2/3*-3). Let p(k) be the first derivative of k**2/2 + 7*k - 1. What is the units digit of p(c)?
6
Let o(u) = -3*u**2 + 6*u + 6. Let j = 19 + -15. Let d(z) = -8*z**2 + 17*z + 17. Let f(k) = j*d(k) - 11*o(k). What is the units digit of f(-4)?
0
Let v = -383 + 616. Suppose 5*x + 3*h = -2*h + 575, -h = 2*x - v. What is the tens digit of x?
1
Suppose 0 = -18*x + 3765 + 6045. What is the hundreds digit of x?
5
Let z = 8 - -2. Suppose -2*j - 5*q + 7 = -4, -26 = -3*j + 2*q. Suppose z*g = j*g + 56. What is the units digit of g?
8
Let l = -533 + 1092. What is the units digit of l?
9
Let k = 2344 + -1189. What is the tens digit of k?
5
Suppose -33*z + 640 = -28*z. Let t = z - 72. What is the tens digit of t?
5
Let f(d) = d + 473. What is the hundreds digit of f(5)?
4
Let f(v) = 50*v**2 + 31*v + 152. What is the tens digit of f(-5)?
4
Let m = -259 + 519. Let f = 461 - m. What is the tens digit of f?
0
Let h be (34/51)/(-2 - 34/(-18)). Let p = 37 - h. What is the tens digit of p?
4
Suppose 2*z = 3*z. Suppose z = -4*l + l - 36. What is the units digit of 1*(-3)/l*76?
9
Suppose 0 = i - 4*n - 833, -2*n = 2*i - 1253 - 433. What is the tens digit of i?
4
Let j = -151 - -504. What is the hundreds digit of j?
3
Suppose -2*v + 0*v + 6 = 0. Suppose g = -n - 0*g + 13, -v*n = -